{"id":91,"date":"2024-11-15T17:45:58","date_gmt":"2024-11-15T16:45:58","guid":{"rendered":"https:\/\/nature-i-deco.fr\/?page_id=91"},"modified":"2025-01-22T17:44:31","modified_gmt":"2025-01-22T16:44:31","slug":"mes-prestations-relooking-de-meubles-et-dobjets","status":"publish","type":"page","link":"https:\/\/nature-i-deco.fr\/index.php\/mes-prestations-relooking-de-meubles-et-dobjets\/","title":{"rendered":"Relooking de meubles et d\u2019objets"},"content":{"rendered":"\n<figure class=\"wp-block-gallery has-nested-images columns-default is-cropped wp-block-gallery-1 is-layout-flex wp-block-gallery-is-layout-flex\">\n<figure class=\"wp-block-image size-large\"><img loading=\"lazy\" decoding=\"async\" width=\"585\" height=\"1024\" data-id=\"140\" src=\"https:\/\/nature-i-deco.fr\/wp-content\/uploads\/2024\/11\/IMG_20240113-cadree-585x1024.jpg\" alt=\"\" class=\"wp-image-140\" srcset=\"https:\/\/nature-i-deco.fr\/wp-content\/uploads\/2024\/11\/IMG_20240113-cadree-585x1024.jpg 585w, https:\/\/nature-i-deco.fr\/wp-content\/uploads\/2024\/11\/IMG_20240113-cadree-171x300.jpg 171w, https:\/\/nature-i-deco.fr\/wp-content\/uploads\/2024\/11\/IMG_20240113-cadree-768x1344.jpg 768w, https:\/\/nature-i-deco.fr\/wp-content\/uploads\/2024\/11\/IMG_20240113-cadree-878x1536.jpg 878w, https:\/\/nature-i-deco.fr\/wp-content\/uploads\/2024\/11\/IMG_20240113-cadree-1171x2048.jpg 1171w, https:\/\/nature-i-deco.fr\/wp-content\/uploads\/2024\/11\/IMG_20240113-cadree-1170x2047.jpg 1170w, https:\/\/nature-i-deco.fr\/wp-content\/uploads\/2024\/11\/IMG_20240113-cadree-scaled.jpg 1463w\" sizes=\"auto, (max-width: 585px) 100vw, 585px\" \/><figcaption class=\"wp-element-caption\">Avant<\/figcaption><\/figure>\n\n\n\n<figure class=\"wp-block-image size-large\"><img loading=\"lazy\" decoding=\"async\" width=\"712\" height=\"1024\" data-id=\"176\" src=\"https:\/\/nature-i-deco.fr\/wp-content\/uploads\/2024\/11\/IMG_20240428_125702-cadree-712x1024.jpg\" alt=\"\" class=\"wp-image-176\" srcset=\"https:\/\/nature-i-deco.fr\/wp-content\/uploads\/2024\/11\/IMG_20240428_125702-cadree-712x1024.jpg 712w, https:\/\/nature-i-deco.fr\/wp-content\/uploads\/2024\/11\/IMG_20240428_125702-cadree-209x300.jpg 209w, https:\/\/nature-i-deco.fr\/wp-content\/uploads\/2024\/11\/IMG_20240428_125702-cadree-768x1104.jpg 768w, https:\/\/nature-i-deco.fr\/wp-content\/uploads\/2024\/11\/IMG_20240428_125702-cadree-1068x1536.jpg 1068w, https:\/\/nature-i-deco.fr\/wp-content\/uploads\/2024\/11\/IMG_20240428_125702-cadree-1425x2048.jpg 1425w, https:\/\/nature-i-deco.fr\/wp-content\/uploads\/2024\/11\/IMG_20240428_125702-cadree-1170x1682.jpg 1170w, https:\/\/nature-i-deco.fr\/wp-content\/uploads\/2024\/11\/IMG_20240428_125702-cadree-scaled.jpg 1781w\" sizes=\"auto, (max-width: 712px) 100vw, 712px\" \/><\/figure>\n<\/figure>\n\n\n\n<blockquote class=\"wp-block-quote is-layout-flow wp-block-quote-is-layout-flow\">\n<p class=\"has-system-font-font-family has-base-font-size\" style=\"font-style:normal;font-weight:400;line-height:1\">Relooking de ce semainier d&rsquo;inspiration voie lact\u00e9e avec des touches de blanc &amp; d&rsquo;argent et un cama\u00efeu de cires.<br>Je me suis aussi amus\u00e9e \u00e0 diff\u00e9rencier les poign\u00e9es !<\/p>\n\n\n\n<p><\/p>\n\n\n\n<p class=\"has-system-font-font-family has-medium-font-size\" style=\"font-style:normal;font-weight:300;line-height:1\"><strong>La Revalorisation de meubles permet de donner une 2\u00e8me vie \u00e9thique \u00e0 du mobilier vintage<\/strong><\/p>\n\n\n\n<p class=\"has-system-font-font-family has-base-font-size\" style=\"font-style:normal;font-weight:400;line-height:1\">Faire de la peinture sur mobilier c\u2019est aussi donner une nouvelle fonction \u00e0 un meuble en le d\u00e9tournant parfois de sa fonction premi\u00e8re.<\/p>\n\n\n\n<p class=\"has-system-font-font-family has-base-font-size\" style=\"font-style:normal;font-weight:400;line-height:1\">Voici ma grille de tarif indicative&nbsp;:<\/p>\n\n\n\n<p class=\"has-system-font-font-family has-base-font-size\" style=\"font-style:normal;font-weight:400;line-height:1\"><strong>Chevet&nbsp;:&nbsp; &nbsp;&nbsp;&nbsp;&nbsp;&nbsp;&nbsp;&nbsp;&nbsp;&nbsp;&nbsp; 75 \u00e0 120 \u20ac<\/strong><\/p>\n\n\n\n<p class=\"has-system-font-font-family has-base-font-size\" style=\"font-style:normal;font-weight:400;line-height:1\"><strong>Coiffeuse&nbsp;:&nbsp;&nbsp;&nbsp;&nbsp;&nbsp;&nbsp; 180 \u00e0 220 \u20ac<\/strong><\/p>\n\n\n\n<p class=\"has-system-font-font-family has-base-font-size\" style=\"font-style:normal;font-weight:400;line-height:1\"><strong>Commode&nbsp;: &nbsp;&nbsp;&nbsp;&nbsp; 220 \u00e0 360 \u20ac<\/strong><\/p>\n\n\n\n<p class=\"has-system-font-font-family has-base-font-size\" style=\"font-style:normal;font-weight:400;line-height:1\"><strong>Buffet bas&nbsp;: &nbsp;&nbsp;&nbsp;&nbsp; 330 \u00e0 480 \u20ac<\/strong><\/p>\n\n\n\n<p class=\"has-system-font-font-family has-base-font-size\" style=\"font-style:normal;font-weight:400;line-height:1\"><strong>Armoire&nbsp;:&nbsp;&nbsp;&nbsp;&nbsp;&nbsp;&nbsp;&nbsp;&nbsp;&nbsp;&nbsp; 300 \u00e0 560 \u20ac<\/strong><\/p>\n\n\n\n<p class=\"has-system-font-font-family has-base-font-size\" style=\"font-style:normal;font-weight:400;line-height:1\">Me consulter pour toute autre type de mobilier svp \ud83d\ude0a<\/p>\n<\/blockquote>\n\n\n\n<figure class=\"wp-block-gallery has-nested-images columns-default is-cropped wp-block-gallery-2 is-layout-flex wp-block-gallery-is-layout-flex\">\n<figure class=\"wp-block-image size-large\"><img loading=\"lazy\" decoding=\"async\" width=\"768\" height=\"1024\" data-id=\"112\" src=\"https:\/\/nature-i-deco.fr\/wp-content\/uploads\/2024\/11\/IMG_20240210_152220-768x1024.jpg\" alt=\"\" class=\"wp-image-112\" srcset=\"https:\/\/nature-i-deco.fr\/wp-content\/uploads\/2024\/11\/IMG_20240210_152220-768x1024.jpg 768w, https:\/\/nature-i-deco.fr\/wp-content\/uploads\/2024\/11\/IMG_20240210_152220-225x300.jpg 225w, https:\/\/nature-i-deco.fr\/wp-content\/uploads\/2024\/11\/IMG_20240210_152220-1152x1536.jpg 1152w, https:\/\/nature-i-deco.fr\/wp-content\/uploads\/2024\/11\/IMG_20240210_152220-1536x2048.jpg 1536w, https:\/\/nature-i-deco.fr\/wp-content\/uploads\/2024\/11\/IMG_20240210_152220-1170x1560.jpg 1170w, https:\/\/nature-i-deco.fr\/wp-content\/uploads\/2024\/11\/IMG_20240210_152220-scaled.jpg 1920w\" sizes=\"auto, (max-width: 768px) 100vw, 768px\" \/><\/figure>\n\n\n\n<figure class=\"wp-block-image size-large\"><img loading=\"lazy\" decoding=\"async\" width=\"768\" height=\"1024\" data-id=\"113\" src=\"https:\/\/nature-i-deco.fr\/wp-content\/uploads\/2024\/11\/IMG_20240306_151207-768x1024.jpg\" alt=\"\" class=\"wp-image-113\" srcset=\"https:\/\/nature-i-deco.fr\/wp-content\/uploads\/2024\/11\/IMG_20240306_151207-768x1024.jpg 768w, https:\/\/nature-i-deco.fr\/wp-content\/uploads\/2024\/11\/IMG_20240306_151207-225x300.jpg 225w, https:\/\/nature-i-deco.fr\/wp-content\/uploads\/2024\/11\/IMG_20240306_151207-1152x1536.jpg 1152w, https:\/\/nature-i-deco.fr\/wp-content\/uploads\/2024\/11\/IMG_20240306_151207-1536x2048.jpg 1536w, https:\/\/nature-i-deco.fr\/wp-content\/uploads\/2024\/11\/IMG_20240306_151207-1170x1560.jpg 1170w, https:\/\/nature-i-deco.fr\/wp-content\/uploads\/2024\/11\/IMG_20240306_151207-scaled.jpg 1920w\" sizes=\"auto, (max-width: 768px) 100vw, 768px\" \/><\/figure>\n<\/figure>\n\n\n\n<figure class=\"wp-block-gallery has-nested-images columns-default is-cropped wp-block-gallery-3 is-layout-flex wp-block-gallery-is-layout-flex\">\n<figure class=\"wp-block-image size-large\"><img loading=\"lazy\" decoding=\"async\" width=\"768\" height=\"1024\" data-id=\"212\" src=\"https:\/\/nature-i-deco.fr\/wp-content\/uploads\/2025\/01\/IMG_20230628_085711-768x1024.jpg\" alt=\"\" class=\"wp-image-212\" srcset=\"https:\/\/nature-i-deco.fr\/wp-content\/uploads\/2025\/01\/IMG_20230628_085711-768x1024.jpg 768w, https:\/\/nature-i-deco.fr\/wp-content\/uploads\/2025\/01\/IMG_20230628_085711-225x300.jpg 225w, https:\/\/nature-i-deco.fr\/wp-content\/uploads\/2025\/01\/IMG_20230628_085711-1152x1536.jpg 1152w, https:\/\/nature-i-deco.fr\/wp-content\/uploads\/2025\/01\/IMG_20230628_085711-1536x2048.jpg 1536w, https:\/\/nature-i-deco.fr\/wp-content\/uploads\/2025\/01\/IMG_20230628_085711-1170x1560.jpg 1170w, https:\/\/nature-i-deco.fr\/wp-content\/uploads\/2025\/01\/IMG_20230628_085711-scaled.jpg 1920w\" sizes=\"auto, (max-width: 768px) 100vw, 768px\" \/><figcaption class=\"wp-element-caption\">Avant<\/figcaption><\/figure>\n\n\n\n<figure class=\"wp-block-image size-large\"><img loading=\"lazy\" decoding=\"async\" width=\"807\" height=\"1024\" data-id=\"211\" src=\"https:\/\/nature-i-deco.fr\/wp-content\/uploads\/2025\/01\/IMG_20230630_161341-cadree-1-807x1024.jpg\" alt=\"\" class=\"wp-image-211\" srcset=\"https:\/\/nature-i-deco.fr\/wp-content\/uploads\/2025\/01\/IMG_20230630_161341-cadree-1-807x1024.jpg 807w, https:\/\/nature-i-deco.fr\/wp-content\/uploads\/2025\/01\/IMG_20230630_161341-cadree-1-237x300.jpg 237w, https:\/\/nature-i-deco.fr\/wp-content\/uploads\/2025\/01\/IMG_20230630_161341-cadree-1-768x974.jpg 768w, https:\/\/nature-i-deco.fr\/wp-content\/uploads\/2025\/01\/IMG_20230630_161341-cadree-1-1211x1536.jpg 1211w, https:\/\/nature-i-deco.fr\/wp-content\/uploads\/2025\/01\/IMG_20230630_161341-cadree-1-1615x2048.jpg 1615w, https:\/\/nature-i-deco.fr\/wp-content\/uploads\/2025\/01\/IMG_20230630_161341-cadree-1-1170x1484.jpg 1170w, https:\/\/nature-i-deco.fr\/wp-content\/uploads\/2025\/01\/IMG_20230630_161341-cadree-1-scaled.jpg 2018w\" sizes=\"auto, (max-width: 807px) 100vw, 807px\" \/><\/figure>\n<\/figure>\n\n\n\n<figure class=\"wp-block-gallery has-nested-images columns-default is-cropped wp-block-gallery-4 is-layout-flex wp-block-gallery-is-layout-flex\">\n<figure class=\"wp-block-image size-large\"><img loading=\"lazy\" decoding=\"async\" width=\"768\" height=\"1024\" data-id=\"215\" src=\"https:\/\/nature-i-deco.fr\/wp-content\/uploads\/2025\/01\/IMG_20241122_170257-768x1024.jpg\" alt=\"\" class=\"wp-image-215\" srcset=\"https:\/\/nature-i-deco.fr\/wp-content\/uploads\/2025\/01\/IMG_20241122_170257-768x1024.jpg 768w, https:\/\/nature-i-deco.fr\/wp-content\/uploads\/2025\/01\/IMG_20241122_170257-225x300.jpg 225w, https:\/\/nature-i-deco.fr\/wp-content\/uploads\/2025\/01\/IMG_20241122_170257-1152x1536.jpg 1152w, https:\/\/nature-i-deco.fr\/wp-content\/uploads\/2025\/01\/IMG_20241122_170257-1536x2048.jpg 1536w, https:\/\/nature-i-deco.fr\/wp-content\/uploads\/2025\/01\/IMG_20241122_170257-1170x1560.jpg 1170w, https:\/\/nature-i-deco.fr\/wp-content\/uploads\/2025\/01\/IMG_20241122_170257-scaled.jpg 1920w\" sizes=\"auto, (max-width: 768px) 100vw, 768px\" \/><\/figure>\n\n\n\n<figure class=\"wp-block-image size-large\"><img loading=\"lazy\" decoding=\"async\" width=\"768\" height=\"1024\" data-id=\"218\" src=\"https:\/\/nature-i-deco.fr\/wp-content\/uploads\/2025\/01\/IMG_20241122_171747-1-768x1024.jpg\" alt=\"\" class=\"wp-image-218\" srcset=\"https:\/\/nature-i-deco.fr\/wp-content\/uploads\/2025\/01\/IMG_20241122_171747-1-768x1024.jpg 768w, https:\/\/nature-i-deco.fr\/wp-content\/uploads\/2025\/01\/IMG_20241122_171747-1-225x300.jpg 225w, https:\/\/nature-i-deco.fr\/wp-content\/uploads\/2025\/01\/IMG_20241122_171747-1-1152x1536.jpg 1152w, https:\/\/nature-i-deco.fr\/wp-content\/uploads\/2025\/01\/IMG_20241122_171747-1-1536x2048.jpg 1536w, https:\/\/nature-i-deco.fr\/wp-content\/uploads\/2025\/01\/IMG_20241122_171747-1-1170x1560.jpg 1170w, https:\/\/nature-i-deco.fr\/wp-content\/uploads\/2025\/01\/IMG_20241122_171747-1-scaled.jpg 1920w\" sizes=\"auto, (max-width: 768px) 100vw, 768px\" \/><\/figure>\n<\/figure>\n\n\n\n<figure class=\"wp-block-gallery has-nested-images columns-default is-cropped wp-block-gallery-5 is-layout-flex wp-block-gallery-is-layout-flex\">\n<figure class=\"wp-block-image size-large\"><img loading=\"lazy\" decoding=\"async\" width=\"768\" height=\"1024\" data-id=\"220\" src=\"https:\/\/nature-i-deco.fr\/wp-content\/uploads\/2025\/01\/IMG_20250122_093032-2-768x1024.jpg\" alt=\"\" class=\"wp-image-220\" srcset=\"https:\/\/nature-i-deco.fr\/wp-content\/uploads\/2025\/01\/IMG_20250122_093032-2-768x1024.jpg 768w, https:\/\/nature-i-deco.fr\/wp-content\/uploads\/2025\/01\/IMG_20250122_093032-2-225x300.jpg 225w, https:\/\/nature-i-deco.fr\/wp-content\/uploads\/2025\/01\/IMG_20250122_093032-2-1152x1536.jpg 1152w, https:\/\/nature-i-deco.fr\/wp-content\/uploads\/2025\/01\/IMG_20250122_093032-2-1536x2048.jpg 1536w, https:\/\/nature-i-deco.fr\/wp-content\/uploads\/2025\/01\/IMG_20250122_093032-2-1170x1560.jpg 1170w, https:\/\/nature-i-deco.fr\/wp-content\/uploads\/2025\/01\/IMG_20250122_093032-2-scaled.jpg 1920w\" sizes=\"auto, (max-width: 768px) 100vw, 768px\" \/><\/figure>\n\n\n\n<figure class=\"wp-block-image size-large\"><img loading=\"lazy\" decoding=\"async\" width=\"768\" height=\"1024\" data-id=\"221\" src=\"https:\/\/nature-i-deco.fr\/wp-content\/uploads\/2025\/01\/IMG_20250122_093310-1-768x1024.jpg\" alt=\"\" class=\"wp-image-221\" srcset=\"https:\/\/nature-i-deco.fr\/wp-content\/uploads\/2025\/01\/IMG_20250122_093310-1-768x1024.jpg 768w, https:\/\/nature-i-deco.fr\/wp-content\/uploads\/2025\/01\/IMG_20250122_093310-1-225x300.jpg 225w, https:\/\/nature-i-deco.fr\/wp-content\/uploads\/2025\/01\/IMG_20250122_093310-1-1152x1536.jpg 1152w, https:\/\/nature-i-deco.fr\/wp-content\/uploads\/2025\/01\/IMG_20250122_093310-1-1536x2048.jpg 1536w, https:\/\/nature-i-deco.fr\/wp-content\/uploads\/2025\/01\/IMG_20250122_093310-1-1170x1560.jpg 1170w, https:\/\/nature-i-deco.fr\/wp-content\/uploads\/2025\/01\/IMG_20250122_093310-1-scaled.jpg 1920w\" sizes=\"auto, (max-width: 768px) 100vw, 768px\" \/><\/figure>\n<\/figure>\n","protected":false},"excerpt":{"rendered":"<p>Relooking de ce semainier d&rsquo;inspiration voie lact\u00e9e avec des touches de blanc &amp; d&rsquo;argent et un cama\u00efeu de cires.Je me suis aussi amus\u00e9e \u00e0 diff\u00e9rencier les poign\u00e9es ! La Revalorisation [&hellip;]<\/p>\n","protected":false},"author":1,"featured_media":0,"parent":0,"menu_order":0,"comment_status":"closed","ping_status":"closed","template":"","meta":{"footnotes":""},"class_list":["post-91","page","type-page","status-publish","hentry"],"_links":{"self":[{"href":"https:\/\/nature-i-deco.fr\/index.php\/wp-json\/wp\/v2\/pages\/91","targetHints":{"allow":["GET"]}}],"collection":[{"href":"https:\/\/nature-i-deco.fr\/index.php\/wp-json\/wp\/v2\/pages"}],"about":[{"href":"https:\/\/nature-i-deco.fr\/index.php\/wp-json\/wp\/v2\/types\/page"}],"author":[{"embeddable":true,"href":"https:\/\/nature-i-deco.fr\/index.php\/wp-json\/wp\/v2\/users\/1"}],"replies":[{"embeddable":true,"href":"https:\/\/nature-i-deco.fr\/index.php\/wp-json\/wp\/v2\/comments?post=91"}],"version-history":[{"count":16,"href":"https:\/\/nature-i-deco.fr\/index.php\/wp-json\/wp\/v2\/pages\/91\/revisions"}],"predecessor-version":[{"id":222,"href":"https:\/\/nature-i-deco.fr\/index.php\/wp-json\/wp\/v2\/pages\/91\/revisions\/222"}],"wp:attachment":[{"href":"https:\/\/nature-i-deco.fr\/index.php\/wp-json\/wp\/v2\/media?parent=91"}],"curies":[{"name":"wp","href":"https:\/\/api.w.org\/{rel}","templated":true}]}}